 15338028.
1164
What is the greatest common factor of 5699 and 15985?
139
Calculate the highest common factor of 188356 and 52.
4
What is the highest common divisor of 189 and 18169704?
189
Calculate the highest common divisor of 1007370 and 780.
390
What is the highest common factor of 240650 and 50?
50
Calculate the greatest common factor of 83662 and 2950.
118
Calculate the highest common factor of 6623 and 6981.
179
Calculate the greatest common factor of 74745 and 396.
99
What is the highest common divisor of 28674 and 7533?
243
What is the highest common divisor of 10063 and 261?
29
What is the highest common divisor of 42642 and 45?
9
Calculate the greatest common divisor of 1020 and 74.
2
What is the greatest common factor of 575 and 492775?
575
Calculate the greatest common divisor of 370 and 151515.
185
What is the highest common divisor of 832 and 2656?
32
Calculate the highest common factor of 905556 and 69.
69
What is the highest common divisor of 128 and 6320?
16
What is the greatest common factor of 1904 and 1505?
7
What is the highest common factor of 6725 and 644255?
1345
What is the greatest common divisor of 432 and 671208?
24
Calculate the greatest common factor of 2172647 and 6212.
1553
Calculate the highest common divisor of 22707 and 144.
9
What is the greatest common factor of 24948 and 13041?
567
What is the highest common divisor of 1745 and 6535?
5
Calculate the greatest common divisor of 101844 and 368.
92
What is the greatest common factor of 3 and 408417?
3
Calculate the greatest common factor of 152 and 75224.
8
Calculate the greatest common divisor of 205 and 370.
5
Calculate the greatest common divisor of 7376216 and 8.
8
Calculate the greatest common divisor of 158013 and 181.
181
Calculate the highest common factor of 851 and 1739.
37
Calculate the highest common factor of 4095441 and 567.
567
Calculate the highest common factor of 54 and 718.
2
What is the highest common factor of 148 and 258741?
37
Calculate the greatest common divisor of 16259 and 781.
71
Calculate the highest common divisor of 808 and 284719.
101
What is the greatest common factor of 1564 and 32334?
34
What is the highest common divisor of 45 and 277830?
45
What is the highest common divisor of 78420 and 408?
12
What is the highest common factor of 4872 and 792?
24
What is the greatest common divisor of 101 and 296839?
101
Calculate the greatest common divisor of 263510 and 260.
130
What is the greatest common factor of 14634 and 26?
2
Calculate the greatest common factor of 2015 and 6665.
155
What is the greatest common divisor of 165 and 171303?
33
Calculate the highest common factor of 11899 and 3097.
163
Calculate the greatest common divisor of 1440 and 11880.
360
What is the highest common factor of 292768 and 224?
224
Calculate the greatest common factor of 11 and 91201.
11
What is the highest common factor of 209 and 684?
19
What is the highest common divisor of 882600 and 40?
40
What is the highest common divisor of 14020 and 9113?
701
Calculate the highest common divisor of 104 and 1893983.
13
Calculate the highest common divisor of 32 and 770608.
16
Calculate the highest common factor of 568806 and 406.
406
What is the greatest common factor of 252 and 224217?
63
What is the greatest common divisor of 140835 and 1845?
615
What is the greatest common divisor of 20 and 47020?
20
Calculate the greatest common factor of 47488 and 16.
16
Calculate the highest common factor of 334631 and 11.
11
Calculate the highest common divisor of 14 and 1169854.
14
What is the greatest common factor of 349930 and 140?
70
Calculate the highest common factor of 7479 and 3456.
27
Calculate the greatest common factor of 301555 and 205.
205
What is the highest common divisor of 1883 and 2421?
269
What is the greatest common divisor of 186922 and 76?
38
Calculate the greatest common divisor of 651123 and 99.
99
Calculate the highest common divisor of 2574 and 17875.
143
Calculate the highest common factor of 4160 and 15040.
320
What is the greatest common factor of 828 and 1162098?
414
Calculate the highest common divisor of 20675 and 50.
25
What is the highest common factor of 161456 and 16?
16
Calculate the highest common divisor of 10808522 and 62.
62
What is the highest common factor of 205 and 6437?
41
What is the greatest common factor of 1168 and 157388?
292
Calculate the highest common divisor of 15997282 and 322.
322
What is the greatest common divisor of 9191 and 26?
13
What is the greatest common divisor of 399794 and 232?
58
Calculate the greatest common factor of 660132 and 24.
12
What is the highest common factor of 189 and 102?
3
Calculate the highest common divisor of 3563 and 56.
7
What is the highest common divisor of 174618 and 1602?
1602
What is the greatest common factor of 1512 and 1351?
7
Calculate the highest common factor of 325 and 206414.
13
What is the greatest common divisor of 444 and 226329?
111
Calculate the highest common divisor of 124861 and 22.
11
What is the highest common divisor of 1516 and 515061?
379
Calculate the greatest common divisor of 84177 and 564.
141
Calculate the highest common divisor of 3416 and 34664.
56
Calculate the highest common factor of 289456 and 3160.
632
Calculate the highest common divisor of 4432 and 56.
8
Calculate the greatest common factor of 8082 and 6210.
18
What is the highest common divisor of 362083 and 51?
17
What is the greatest common factor of 1507747 and 17?
17
Calculate the highest common divisor of 16875 and 11637.
27
Calculate the greatest common factor of 117519 and 258.
129
Calculate the greatest common divisor of 34095 and 25.
5
What is the greatest common divisor of 561 and 476?
17
What is the greatest common factor of 65473 and 281?
281
What is the highest common factor of 22261 and 6893?
113
What is the highest common factor of 346544 and 6336?
176
What is the greatest common divisor of 23 and 217?
1
What is the highest common divisor of 8 and 244436?
4
What is the highest common factor of 27341 and 19?
19
What is the greatest common factor of 74 and 693010?
74
What is the greatest common divisor of 12 and 1102950?
6
Calculate the greatest common divisor of 22361 and 2124.
59
What is the greatest common factor of 6000 and 738?
6
What is the highest common factor of 3450 and 14550?
150
Calculate the greatest common factor of 103016 and 163.
163
Calculate the greatest common factor of 153 and 231453.
9
Calculate the highest common divisor of 77163 and 10413.
267
What is the greatest common factor of 343160 and 72?
8
Calculate the greatest common factor of 168 and 510888.
168
Calculate the greatest common divisor of 924 and 7436.
44
Calculate the highest common factor of 369 and 20623.
41
What is the greatest common divisor of 171 and 134007?
57
What is the greatest common factor of 2933 and 448?
7
What is the greatest common factor of 20496 and 896?
112
Calculate the highest common factor of 6213 and 456.
57
Calculate the highest common divisor of 197 and 227.
1
Calculate the greatest common divisor of 127270 and 858.
286
What is the greatest common divisor of 2085 and 85902?
417
What is the greatest common factor of 8502 and 624?
78
What is the greatest common factor of 1219598 and 46?
46
Calculate the greatest common factor of 20 and 17684.
4
Calculate the highest common factor of 399 and 286881.
399
What is the highest common factor of 29026 and 115?
23
What is the highest common factor of 2552 and 250888?
88
Calculate the highest common factor of 2607552 and 24.
24
What is the highest common divisor of 365234 and 10?
2
Calculate the highest common factor of 3256 and 1320.
88
What is the highest common factor of 676632 and 132?
132
What is the highest common divisor of 5964 and 126?
42
Calculate the greatest common factor of 237366 and 27.
9
What is the greatest common factor of 317961 and 927?
927
Calculate the greatest common divisor of 1420 and 3630940.
1420
What is the highest common divisor of 15 and 25398?
3
Calculate the highest common factor of 1581 and 113181.
93
Calculate the highest common divisor of 2740 and 7535.
685
What is the highest common factor of 5446696 and 296?
296
Calculate the highest common divisor of 11 and 232452.
11
Calculate the grea